{"id":113,"date":"2017-12-11T13:01:50","date_gmt":"2017-12-11T15:01:50","guid":{"rendered":"http:\/\/www.odemocrata.com.br\/guia\/?page_id=113"},"modified":"2020-02-05T11:07:18","modified_gmt":"2020-02-05T14:07:18","slug":"contato","status":"publish","type":"page","link":"https:\/\/www.odemocrata.com.br\/guia-comercial\/contato\/","title":{"rendered":"Anuncie sua empresa no Guia Comercial O Democrata"},"content":{"rendered":"\n<p>Muito mais visibilidade numa plataforma visualmente confort\u00e1vel, clean e atraente!<\/p>\n\n\n\n<p><strong>Solicite um or\u00e7amento sem compromisso!<\/strong><br>Retornaremos o mais breve poss\u00edvel.<\/p>\n\n\n\n[contact-field required=\"1\" type=\"name\" label=\"Nome\"\/]\n\n[contact-field required=\"1\" type=\"email\" label=\"E-mail\"\/]\n\n[contact-field label=\"Empresa\" type=\"name\"\/]\n\n[contact-field type=\"telephone\" label=\"Telefone\"\/]\n\n[contact-field type=\"url\" label=\"Site\"\/]\n\n[contact-field type=\"textarea\" label=\"Mensagem\"\/]\n","protected":false},"excerpt":{"rendered":"<p>Muito mais visibilidade numa plataforma visualmente confort\u00e1vel, clean e atraente! Solicite um or\u00e7amento sem compromisso!Retornaremos o mais breve poss\u00edvel.<\/p>\n","protected":false},"author":10,"featured_media":0,"parent":0,"menu_order":0,"comment_status":"closed","ping_status":"closed","template":"","meta":{"_acf_changed":false,"footnotes":""},"class_list":["post-113","page","type-page","status-publish","hentry"],"acf":[],"jetpack_sharing_enabled":false,"jetpack_likes_enabled":true,"_links":{"self":[{"href":"https:\/\/www.odemocrata.com.br\/guia-comercial\/wp-json\/wp\/v2\/pages\/113","targetHints":{"allow":["GET"]}}],"collection":[{"href":"https:\/\/www.odemocrata.com.br\/guia-comercial\/wp-json\/wp\/v2\/pages"}],"about":[{"href":"https:\/\/www.odemocrata.com.br\/guia-comercial\/wp-json\/wp\/v2\/types\/page"}],"author":[{"embeddable":true,"href":"https:\/\/www.odemocrata.com.br\/guia-comercial\/wp-json\/wp\/v2\/users\/10"}],"replies":[{"embeddable":true,"href":"https:\/\/www.odemocrata.com.br\/guia-comercial\/wp-json\/wp\/v2\/comments?post=113"}],"version-history":[{"count":30,"href":"https:\/\/www.odemocrata.com.br\/guia-comercial\/wp-json\/wp\/v2\/pages\/113\/revisions"}],"predecessor-version":[{"id":2363,"href":"https:\/\/www.odemocrata.com.br\/guia-comercial\/wp-json\/wp\/v2\/pages\/113\/revisions\/2363"}],"wp:attachment":[{"href":"https:\/\/www.odemocrata.com.br\/guia-comercial\/wp-json\/wp\/v2\/media?parent=113"}],"curies":[{"name":"wp","href":"https:\/\/api.w.org\/{rel}","templated":true}]}}